rue
Is 170364394 a multiple of 93?
False
Is 3134 a factor of 368147846?
True
Does 2 divide 12876869?
False
Is 27 a factor of 33096627?
True
Does 8 divide 10382224?
True
Does 8251 divide 4343768321?
False
Is 6 a factor of 6237825?
False
Does 4 divide 199207004?
True
Does 912 divide 9969984?
True
Is 284 a factor of 280762396?
False
Is 5 a factor of 141866768?
False
Is 281175136 a multiple of 1157?
False
Is 11 a factor of 83312240?
True
Is 7 a factor of 914416127?
False
Is 63 a factor of 3272550?
False
Is 634829215 a multiple of 234?
False
Is 47 a factor of 17569601?
False
Is 48299226 a multiple of 9?
False
Is 74806415 a multiple of 1439?
True
Does 232 divide 249273560?
True
Is 193898826 a multiple of 3518?
False
Does 30 divide 26881890?
True
Is 108 a factor of 84712839?
False
Is 7103106 a multiple of 194?
False
Does 160 divide 4364326400?
True
Is 40486530 a multiple of 365?
True
Is 73 a factor of 20755429?
False
Does 6948 divide 20003292?
True
Is 10 a factor of 35255356?
False
Is 776 a factor of 1816717656?
True
Is 114 a factor of 130488048?
True
Is 865128928 a multiple of 23?
False
Does 17 divide 613935773?
True
Is 143071012 a multiple of 8?
False
Does 365 divide 10823050?
False
Does 10 divide 59856710?
True
Is 11121361 a multiple of 325?
False
Does 101 divide 2125551211?
False
Is 22 a factor of 370426034?
True
Is 38 a factor of 17469474?
True
Is 16986893 a multiple of 7?
True
Is 32 a factor of 331417487?
False
Does 37 divide 1387574?
True
Is 1137882124 a multiple of 7?
False
Does 943 divide 247994085?
False
Does 1987 divide 869519008?
False
Is 4046 a factor of 298433680?
False
Is 42 a factor of 127780128?
True
Is 75485000 a multiple of 1550?
True
Is 1035681660 a multiple of 4042?
True
Does 34 divide 3112151546?
True
Is 874 a factor of 2133844780?
True
Is 3299 a factor of 10084547?
False
Does 51 divide 214067043?
True
Is 239 a factor of 858933018?
True
Is 232 a factor of 6135472?
True
Is 1408515067 a multiple of 3?
False
Is 13 a factor of 2101268?
True
Is 9 a factor of 520791282?
True
Is 184431112 a multiple of 23?
True
Is 23051096 a multiple of 278?
False
Is 1356457566 a multiple of 965?
False
Is 248623215 a multiple of 255?
True
Is 99298812 a multiple of 12?
True
Is 13800544 a multiple of 34?
False
Is 2377 a factor of 965161834?
True
Does 59 divide 1055732947?
False
Does 2326 divide 3614998540?
False
Does 78 divide 98857787?
False
Is 2644 a factor of 39118463?
False
Does 287 divide 34107783?
False
Does 268 divide 83859880?
True
Is 50931109 a multiple of 2?
False
Does 432 divide 564445124?
False
Does 5341 divide 866680449?
False
Is 24 a factor of 40902576?
True
Does 43 divide 139168156?
False
Does 328 divide 1526672064?
True
Is 97 a factor of 185833570?
True
Is 89134500 a multiple of 325?
True
Is 3246666 a multiple of 47?
True
Is 163269560 a multiple of 706?
True
Does 1719 divide 200923350?
False
Is 14552439 a multiple of 3?
True
Is 16 a factor of 616317145?
False
Does 79 divide 170473178?
False
Is 1014 a factor of 3408054?
True
Is 632 a factor of 422951464?
True
Is 221 a factor of 82183447?
False
Is 138066692 a multiple of 1765?
False
Is 7 a factor of 8232?
True
Is 228 a factor of 42908688?
True
Is 44146476 a multiple of 132?
True
Is 715968480 a multiple of 160?
True
Is 10 a factor of 1157527111?
False
Does 7 divide 11150832?
True
Is 278543286 a multiple of 42?
True
Does 6094 divide 679182476?
False
Is 44 a factor of 75004502?
False
Is 87 a factor of 7155756253?
False
Does 320 divide 147036022?
False
Is 213687388 a multiple of 3082?
True
Does 975 divide 2588831890?
False
Is 191 a factor of 1079384166?
True
Does 218 divide 62021000?
True
Is 262658101 a multiple of 41?
False
Is 3658 a factor of 653589492?
True
Is 678 a factor of 5765407?
False
Does 1987 divide 184881344?
False
Is 4766 a factor of 16372063?
False
Is 214908880 a multiple of 3280?
True
Does 102 divide 222713634?
True
Does 187 divide 14213496?
True
Is 75844513 a multiple of 408?
False
Does 13 divide 43480256?
False
Is 37 a factor of 205512985?
True
Does 2487 divide 529921880?
False
Is 453 a factor of 6626697086?
False
Is 9 a factor of 53225104?
False
Is 1926 a factor of 679999981?
False
Is 152 a factor of 2567404776?
False
Does 470 divide 628777196?
False
Is 143156601 a multiple of 55?
False
Is 293366382 a multiple of 16?
False
Is 487 a factor of 249030419?
False
Does 62 divide 2029739198?
True
Is 28993807 a multiple of 1105?
False
Is 174 a factor of 1891032?
True
Is 307960040 a multiple of 15?
False
Is 18 a factor of 572634982?
False
Is 3428940 a multiple of 40?
False
Is 8 a factor of 1241723294?
False
Is 22112859 a multiple of 3?
True
Does 5270 divide 800144100?
True
Does 22 divide 40636596?
True
Does 7140 divide 966680800?
False
Does 127 divide 3967157?
False
Is 10 a factor of 19623293?
False
Is 22854099 a multiple of 93?
True
Does 2469 divide 56505408?
False
Is 135540364 a multiple of 295?
False
Does 391 divide 523708984?
False
Is 48 a factor of 16175032?
False
Is 60 a factor of 12835620?
True
Does 36 divide 564229548?
True
Is 797 a factor of 270182203?
True
Does 5 divide 57675513?
False
Is 585 a factor of 251545874?
False
Does 46 divide 1393670?
False
Does 19 divide 23945795?
True
Is 6920792 a multiple of 1103?
False
Is 126 a factor of 36463140?
True
Does 131 divide 136920619?
False
Is 139 a factor of 37847798?
False
Does 4 divide 3639734?
False
Is 77 a factor of 8642711?
True
Is 69 a factor of 522327792?
True
Is 243 a factor of 12362382?
True
Is 94076640 a multiple of 459?
True
Does 1742 divide 47199490?
True
Is 15 a factor of 2625851070?
True
Does 174 divide 863898643?
False
Is 38946390 a multiple of 30?
True
Is 1031939814 a multiple of 13?
False
Does 481 divide 1158949?
False
Is 27 a factor of 72030290?
False
Is 7 a factor of 2821814?
False
Is 1148 a factor of 109043378?
False
Is 141279225 a multiple of 575?
True
Is 13 a factor of 5263336?
True
Is 46517575 a multiple of 757?
False
Is 10 a factor of 1097951730?
True
Does 6063 divide 2410709430?
True
Does 67 divide 205144141?
False
Is 65 a factor of 40610310?
True
Does 5843 divide 83490627?
True
Is 13 a factor of 2211080852?
False
Does 18 divide 1815892?
False
Is 7260 a factor of 1496306001?
False
Is 19961745 a multiple of 9?
False
Is 503981633 a multiple of 1499?
False
Is 181 a factor of 270490512?
False
Is 580 a factor of 668887900?
True
Is 36980880 a multiple of 16?
True
Does 10 divide 13779600?
True
Is 430 a factor of 64049790?
True
Is 151113324 a multiple of 370?
False
Is 443967240 a multiple of 2040?
True
Does 4 divide 232828445?
False
Does 75 divide 190597425?
True
Is 217679305 a multiple of 11?
False
Does 2 divide 20593319?
False
Is 11194399 a multiple of 42?
False
Does 191 divide 16522471?
False
Does 326 divide 36811442?
False
Is 44401200 a multiple of 240?
True
Is 111 a factor of 364387139?
False
Is 40 a factor of 22578240?
True
Is 2096562 a multiple of 39?
True
Is 949 a factor of 553320?
False
Is 51498946 even?
True
Is 39876957 a multiple of 287?
False
Is 19373940 a multiple of 174?
False
Does 791 divide 1575179207?
True
Is 517978 a multiple of 86?
True
Is 290 a factor of 226575603?
False
Is 31065203 a multiple of 107?
True
Is 11220512 a multiple of 4?
True
Is 3511132032 a multiple of 16?
True
Does 161 divide 92208886?
True
Does 9 divide 28772908?
False
Does 1496 divide 52867144?
True
Does 87 divide 6128889?
True
Is 199704384 a multiple of 72?
True
Is 21233101 a multiple of 45?
False
Is 37 a factor of 15162125?
False
Is 28116274 a multiple of 96?
False
Does 1515 divide 38320410?
True
Is 74 a factor of 176355986?
True
Is 121 a factor of 850676338?
False
Does 19 divide 15265162?
False
Is 11000231 a multiple of 12?
False
Does 2397 divide 9678080?
False
Is 20 a factor of 938133?
False
Does 69 divide 83138288?
False
Is 1238588 a multiple of 26?
True
Is 9 a factor of 67447602?
True
Is 2 a factor of 107466?
True
Is 51 a factor of 440920653?
True
Does 961 divide 612440248?
False
Is 13460340 a multiple of 286?
False
Does 468 divide 565528860?
True
Does 1109 divide 19591226?
False
Does 139 divide 437981355?
True
Is 257 a factor of 2999190?
True
Is 1336497298 a multiple of 22?
False
Is 948 a factor of 7757484?
True
Does 299 divide 745341?
False
Is 3 a factor of 9001890?
True
Is 400571328 a multiple of 3?
True
Is 44 a fac